9566461 is divided by 469?
468
What is the remainder when 83521 is divided by 86?
15
What is the remainder when 144182 is divided by 72068?
46
What is the remainder when 263202 is divided by 131067?
1068
What is the remainder when 5288555 is divided by 812?
811
Calculate the remainder when 2773099 is divided by 1201.
1191
Calculate the remainder when 896690 is divided by 298887.
29
Calculate the remainder when 1403099 is divided by 25.
24
Calculate the remainder when 130518007 is divided by 106.
101
Calculate the remainder when 63883 is divided by 402.
367
What is the remainder when 30242229 is divided by 177?
9
Calculate the remainder when 972349 is divided by 486173.
3
Calculate the remainder when 919415 is divided by 546.
497
Calculate the remainder when 3170995 is divided by 426.
277
Calculate the remainder when 176306424 is divided by 29.
25
What is the remainder when 5997 is divided by 305?
202
Calculate the remainder when 847207 is divided by 422760.
1687
What is the remainder when 6806915 is divided by 2268946?
77
What is the remainder when 23353715 is divided by 7784562?
29
What is the remainder when 49718861 is divided by 7?
3
What is the remainder when 22483 is divided by 1418?
1213
What is the remainder when 19460 is divided by 2770?
70
Calculate the remainder when 70565 is divided by 674.
469
What is the remainder when 3024966 is divided by 27?
21
What is the remainder when 2107168 is divided by 2107166?
2
What is the remainder when 695955 is divided by 1333?
129
What is the remainder when 116656211 is divided by 19?
11
What is the remainder when 307971 is divided by 1866?
81
What is the remainder when 29742775 is divided by 1068?
43
What is the remainder when 1952001 is divided by 610?
1
Calculate the remainder when 12622136 is divided by 148494.
146
What is the remainder when 528183 is divided by 5029?
138
What is the remainder when 10990 is divided by 4847?
1296
What is the remainder when 13505 is divided by 12470?
1035
Calculate the remainder when 2361322 is divided by 79.
12
What is the remainder when 171516877 is divided by 669?
664
What is the remainder when 15973292 is divided by 7?
6
What is the remainder when 86288 is divided by 19923?
6596
Calculate the remainder when 8224386 is divided by 1458.
1266
Calculate the remainder when 60884171 is divided by 2881.
2879
What is the remainder when 6689854 is divided by 445990?
4
Calculate the remainder when 26050874 is divided by 1905.
1904
What is the remainder when 1082160 is divided by 360718?
6
What is the remainder when 255173 is divided by 1095?
38
What is the remainder when 264408 is divided by 3?
0
What is the remainder when 669143 is divided by 1694?
13
Calculate the remainder when 36106 is divided by 372.
22
Calculate the remainder when 5379712 is divided by 164.
20
Calculate the remainder when 580596 is divided by 201.
108
Calculate the remainder when 2522340 is divided by 194024.
28
What is the remainder when 6289225 is divided by 1319?
233
Calculate the remainder when 4852213 is divided by 970440.
13
What is the remainder when 5448137 is divided by 454011?
5
Calculate the remainder when 2030721 is divided by 911.
102
What is the remainder when 506433 is divided by 476?
445
What is the remainder when 14785569 is divided by 202?
179
Calculate the remainder when 18653 is divided by 1112.
861
What is the remainder when 29733 is divided by 14306?
1121
Calculate the remainder when 460758 is divided by 2060.
1378
Calculate the remainder when 1179747 is divided by 589560.
627
Calculate the remainder when 1870159 is divided by 811.
804
Calculate the remainder when 303568 is divided by 23340.
148
What is the remainder when 19886746 is divided by 523335?
16
Calculate the remainder when 121997 is divided by 20331.
11
What is the remainder when 76508152 is divided by 627116?
0
What is the remainder when 99040 is divided by 85?
15
Calculate the remainder when 4088396 is divided by 111.
44
Calculate the remainder when 87097 is divided by 43534.
29
What is the remainder when 351175 is divided by 474?
415
Calculate the remainder when 583248 is divided by 583133.
115
What is the remainder when 176609 is divided by 29328?
641
Calculate the remainder when 34720 is divided by 6843.
505
Calculate the remainder when 322177 is divided by 71.
50
What is the remainder when 6360734 is divided by 12472?
14
What is the remainder when 83790 is divided by 186?
90
Calculate the remainder when 20253607 is divided by 2162.
2153
Calculate the remainder when 473686875 is divided by 40.
35
Calculate the remainder when 23672185 is divided by 810.
745
Calculate the remainder when 6855407 is divided by 5.
2
Calculate the remainder when 100411 is divided by 479.
300
Calculate the remainder when 24236 is divided by 3113.
2445
What is the remainder when 2464933 is divided by 1232294?
345
What is the remainder when 34761 is divided by 33788?
973
Calculate the remainder when 1856357 is divided by 336.
293
What is the remainder when 63070 is divided by 1366?
234
Calculate the remainder when 6855311 is divided by 178.
175
Calculate the remainder when 13852087 is divided by 710.
697
What is the remainder when 7996486 is divided by 2707?
8
Calculate the remainder when 6719437 is divided by 671940.
37
What is the remainder when 25284913 is divided by 79263?
16
Calculate the remainder when 74748534 is divided by 597.
552
What is the remainder when 12632930 is divided by 5150?
5130
Calculate the remainder when 142958 is divided by 27885.
3533
Calculate the remainder when 5288469 is divided by 34.
7
Calculate the remainder when 15081692 is divided by 268.
260
What is the remainder when 1994999 is divided by 17?
15
Calculate the remainder when 189746961 is divided by 428.
9
Calculate the remainder when 188299 is divided by 20907.
136
Calculate the remainder when 5543 is divided by 4387.
1156
What is the remainder when 17098260 is divided by 43618?
4
What is the remainder when 584236 is divided by 3396?
124
What is the remainder when 455505 is divided by 65009?
442
Calculate the remainder when 14634 is divided by 3630.
114
Calculate the remainder when 3419481 is divided by 9420.
21
What is the remainder when 500582 is divided by 29413?
561
Calculate the remainder when 2958990 is divided by 9218.
12
What is the remainder when 297264435 is divided by 181?
171
Calculate the remainder when 1729606 is divided by 228.
226
Calculate the remainder when 5777211 is divided by 68776.
27
Calculate the remainder when 3436237 is divided by 595.
112
What is the remainder when 2241243 is divided by 52102?
857
What is the remainder when 43813 is divided by 14465?
418
What is the remainder when 126560 is divided by 1376?
1344
What is the remainder when 40315349 is divided by 616?
613
Calculate the remainder when 222706 is divided by 2684.
2618
What is the remainder when 17364304 is divided by 46?
40
Calculate the remainder when 373745443 is divided by 983.
979
What is the remainder when 13906741 is divided by 303?
253
What is the remainder when 98450 is divided by 14032?
226
Calculate the remainder when 15165579 is divided by 4272.
4251
What is the remainder when 228327 is divided by 108?
15
Calculate the remainder when 147393 is divided by 13394.
59
What is the remainder when 813654 is divided by 1016?
854
Calculate the remainder when 105521 is divided by 105460.
61
What is the remainder when 175027 is divided by 175018?
9
What is the remainder when 102351 is divided by 2944?
2255
Calculate the remainder when 345973 is divided by 2210.
1213
Calculate the remainder when 2781854 is divided by 16.
14
Calculate the remainder when 238422 is divided by 46524.
5802
Calculate the remainder when 135409623 is divided by 11.
8
Calculate the remainder when 244705 is divided by 33.
10
Calculate the remainder when 1301131 is divided by 39.
13
Calculate the remainder when 1269546 is divided by 24893.
3
Calculate the remainder when 90960139 is divided by 418.
413
What is the remainder when 13643007 is divided by 244?
235
What is the remainder when 26648313 is divided by 4454?
31
Calculate the remainder when 4152158 is divided by 415211.
48
Calculate the remainder when 12540400 is divided by 58600.
0
What is the remainder when 36787 is divided by 1